36936a (base 12) to base 16.
-d88c2
What is -2028536 (base 9) in base 6?
-35110310
-5839655 (base 11) to base 3
-201012100202020
Convert -1434114232 (base 5) to base 15.
-505d97
Convert -1448 (base 14) to base 15.
-10e7
-11020022112202 (base 3) to base 15
-2e6a62
What is 4d768 (base 16) in base 3?
121010020102
What is 111030114 (base 6) in base 11?
1153282
What is 144225205 (base 6) in base 8?
13355545
What is 64707 (base 12) in base 9?
221477
Convert -11a8329 (base 11) to base 5.
-1013340224
1089659 (base 11) to base 6
104431014
Convert 446702 (base 8) to base 11.
a3483
What is 1010100101101111001010 (base 2) in base 7?
32411216
Convert eec8 (base 16) to base 6.
1151000
Convert 13131211331 (base 4) to base 6.
105532325
Convert -170504 (base 8) to base 5.
-3434024
What is 11022001122 (base 3) in base 15?
1a108
101012002201 (base 3) to base 16
30f64
What is 73105 (base 15) in base 14?
96cc2
-54563 (base 7) to base 11
-a2a5
-1041606 (base 7) to base 3
-20111102220
What is -334627 (base 8) in base 2?
-11011100110010111
525127 (base 8) to base 10
174679
-20331331 (base 6) to base 7
-4664425
Convert -3e96b (base 16) to base 12.
-104437
Convert -9253c (base 15) to base 3.
-212112212210
130ed (base 16) to base 7
443404
What is -10602552 (base 7) in base 8?
-3417251
Convert 131324 (base 7) to base 13.
b210
Convert -5300600 (base 9) to base 7.
-33044556
Convert 1212111000121 (base 3) to base 4.
3302211223
Convert 224103 (base 8) to base 14.
1d8d5
What is 210000000 (base 3) in base 6?
154513
Convert 107180 (base 9) to base 15.
140c0
1000001110110100111 (base 2) to base 12
11011b
What is 44264140 (base 7) in base 8?
16431535
What is -1340761 (base 10) in base 5?
-320401021
What is 36453406 (base 7) in base 9?
6113664
What is -1565045 (base 7) in base 4?
-311023232
Convert -30bba7 (base 12) to base 15.
-1024ca
Convert 1520a85 (base 12) to base 16.
413405
Convert 675b (base 16) to base 14.
98dd
Convert 10241235 (base 6) to base 16.
497b7
Convert -1561320 (base 7) to base 16.
-34e12
What is -443434123 (base 5) in base 16?
-1d8d94
-21110002011222 (base 3) to base 12
-13aa52b
Convert -4bc0e (base 15) to base 6.
-5105535
320021012123 (base 4) to base 10
14717339
What is 100100000010001000100000 (base 2) in base 6?
534243040
-14014153 (base 6) to base 4
-1302130311
What is 17404370 (base 8) in base 3?
21122112212010
Convert -94504 (base 10) to base 13.
-34027
Convert 14853 (base 11) to base 9.
31713
168307 (base 10) to base 16
29173
What is 5600692 (base 11) in base 13?
205cc96
-110010011101001010 (base 2) to base 13
-730b5
What is -10d79 (base 16) in base 12?
-33b09
1426 (base 11) to base 14
959
43243231 (base 5) to base 16
59fb6
-bea824 (base 15) to base 4
-202231003303
What is 1082718 (base 9) in base 14?
113791
What is 13023031330 (base 4) in base 3?
10112120012001
Convert 39b10 (base 15) to base 11.
116886
Convert 1e570 (base 16) to base 10.
124272
What is -1533466 (base 9) in base 5?
-204131230
Convert -53566146 (base 7) to base 8.
-21340154
144a02 (base 15) to base 14
1b63c7
-11210202010 (base 3) to base 10
-94584
Convert 3245513 (base 6) to base 3.
22020012000
Convert 2315343 (base 6) to base 7.
1004244
Convert -100001200021212 (base 3) to base 9.
-10050255
What is -1240221405 (base 6) in base 9?
-30374345
Convert 5121135 (base 6) to base 7.
2034101
1431033 (base 5) to base 10
30143
25421150 (base 7) to base 13
62a572
What is 78729 (base 14) in base 5?
33323043
Convert -2a5c3 (base 16) to base 9.
-284005
Convert -52005064 (base 8) to base 13.
-2387789
1921518 (base 11) to base 4
30122000201
What is -1839a8 (base 11) in base 15?
-58e6e
Convert 100001101011010111111 (base 2) to base 11.
694129
Convert 4ac61d (base 15) to base 4.
31223121130
What is -31321012231 (base 4) in base 16?
-3791ad
-948b (base 13) to base 6
-235112
Convert -41403113 (base 5) to base 7.
-2620160
-112120220210 (base 3) to base 16
-461be
What is -849475 (base 10) in base 9?
-1534231
What is -6324671 (base 9) in base 11?
-1a00262
Convert 3231535 (base 10) to base 16.
314f2f
What is -2a099a (base 16) in base 11?
-1611939
3a3c9 (base 14) to base 3
21021210002
53b27a (base 15) to base 11
2283087
What is 13120204 (base 5) in base 6?
2435113
10121010120 (base 3) to base 11
49222
Convert 11220122001012 (base 3) to base 10.
2610581
What is 459b (base 12) in base 8?
17107
Convert 13023441244 (base 5) to base 9.
32726853
2010102202022 (base 3) to base 10
1130498
Convert 112133031 (base 4) to base 8.
263715
-1027370 (base 8) to base 14
-71cb6
What is 980411 (base 10) in base 3?
1211210212112
Convert 37b7b0 (base 13) to base 14.
26c123
47d558 (base 16) to base 5
2201121142
2311150 (base 6) to base 13
41a69
16060655 (base 7) to base 13
420b1b
What is 6b9c3 (base 14) in base 7?
2142433
What is 11111101101011011011 (base 2) in base 9?
1853288
Convert -11715221 (base 8) to base 15.
-364068
What is -31431024 (base 5) in base 7?
-2151115
What is 46554 (base 10) in base 6?
555310
Convert -12851 (base 13) to base 9.
-52132
-15112020 (base 6) to base 11
-327811
What is 285298 (base 10) in base 11?
185392
Convert -101010011221 (base 3) to base 7.
-1456420
What is -2203331333 (base 4) in base 6?
-22221155
-121835e (base 15) to base 5
-11311102024
Convert 1100011101001010 (base 2) to base 14.
14842
What is -4e57af (base 16) in base 3?
-100122211212121
What is -1080 (base 15) in base 6?
-24103
1741235 (base 9) to base 13
280526
-579154 (base 11) to base 3
-1201201212102
Convert 636958 (base 13) to base 8.
10703231
-101100101101011110001 (base 2) to base 4
-11211223301
-130010033023 (base 4) to base 13
-16a7aab
What is -20589b (base 14) in base 11?
-685815
3110203211 (base 4) to base 16
d48e5
What is -88a16a (base 16) in base 9?
-17756781
What is 4634514 (base 7) in base 8?
2155255
What is -31a69 (base 11) in base 8?
-132713
-20101222222 (base 3) to base 2
-11110110010100100
-121121000210 (base 3) to base 9
-547023
-32102213 (base 6) to base 12
-394969
What is -255204 (base 8) in base 5?
-10314313
-79d97 (base 15) to base 4
-1132223221
-108701 (base 11) to base 16
-2a203
What is 1010111110010011100 (base 2) in base 4?
1113302130
What is -13241232 (base 5) in base 10?
-133942
-231212323010 (base 4) to base 11
-6826718
11100000101100010101110 (base 2) to base 12
2570a12
Convert -14321717 (base 8) to base 3.
-20010021112212
Convert -383712 (base 11) to base 5.
-123331014
What is 5035245 (base 6) in base 10?
238349
What is 35a48 (base 15) in base 8?
516074
341021134 (base 5) to base 3
2211021120010
What is 2021112212011 (base 3) in base 11?
758239
Convert 81077 (base 9) to base 11.
37043
What is b6064 (base 12) in base 5?
30113130
Convert -534ac6 (base 15) to base 4.
-33013330032
110001111100101 (base 2) to base 15
789d
What is 554347 (base 10) in base 9?
1034371
Convert 527463 (base 9) to base 10.
313851
Convert 326203 (base 7) to base 11.
3a126
What is 11200021321 (base 4) in base 9?
2637564
11917b (base 13) to base 6
12555550
What is 1095855 (base 10) in base 13?
2c4a47
What is 23560 (base 13) in base 12?
314a4
What is -12a686 (base 11) in base 3?
-101101110201
What is 32410200 (base 5) in base 8?
1040420
-3630737 (base 8) to base 10
-995807
What is 1148103 (base 10) in base 8?
4302307
What is 4247a (base 11) in base 3?
10010202210
-106859 (base 12) to base 14
-6ac97
Convert -23430412 (base 5) to base 4.
-311020013
What is 5100a (base 12) in base 16?
19bca
Convert -24420363 (base 7) to base 5.
-1030034104
Convert -650605 (base 7) to base 16.
-1b9fa
Convert -223132123 (base 4) to base 3.
-100001021101
Convert 424900 (base 12) to base 4.
3333020100
82b681 (base 12) to base 3
10212020221121
What is -4342210 (base 5) in base 16?
-123b8
196d1e (base 15) to base 3
2022220111102
What is -553124401 (base 6) in base 8?
-45747661
Convert 100000010110101000001010 (base 2) to base 12.
2a101a2
What is -1059aa (base 11) in base 8?
-511723
What is 9cc9 (base 16) in base 15?
bd5c
What is -13431120 (base 5) in base 6?
-2553555
-2483386 (base 9) to base 11
-845377
What is 100314330 (base 5) in base 12?
174227
Convert -b356b5 (base 14) to base 3.
-102101012001112
Convert -14da6c (base 15) to base 11.
-629447
Convert 221021111200 (base 3) to base 13.
14560b
What is -323422012 (base 5) in base 9?
-2546321
Convert -a5dd97 (bas